culate the greatest common divisor of 1662661 and 33.
11
Calculate the highest common factor of 1554 and 1281.
21
Calculate the greatest common factor of 128 and 10184.
8
What is the highest common divisor of 4 and 2432?
4
What is the greatest common divisor of 433803 and 46?
23
Calculate the highest common factor of 9352 and 1232.
56
What is the greatest common divisor of 324240 and 120?
120
Calculate the greatest common factor of 238 and 7412.
34
Calculate the highest common divisor of 11096 and 10001.
73
What is the greatest common factor of 8692 and 287?
41
Calculate the greatest common factor of 38571 and 78.
39
Calculate the greatest common factor of 36069 and 1353.
33
What is the greatest common factor of 19361 and 551?
19
What is the greatest common factor of 1444742 and 1842?
614
What is the highest common divisor of 54081 and 51?
3
What is the greatest common factor of 716 and 512?
4
What is the highest common divisor of 12483 and 216?
9
What is the highest common divisor of 3 and 534954?
3
Calculate the highest common factor of 2984 and 1410686.
746
What is the greatest common factor of 2 and 968418?
2
Calculate the highest common divisor of 101075 and 2730.
65
Calculate the highest common divisor of 373411 and 118.
59
Calculate the highest common divisor of 240528 and 768.
48
Calculate the highest common divisor of 1652 and 60593.
59
What is the greatest common factor of 22050 and 16650?
450
Calculate the highest common divisor of 5525 and 188513.
221
What is the greatest common divisor of 116272 and 47816?
344
What is the greatest common factor of 1210722 and 6?
6
Calculate the highest common factor of 12 and 44934.
6
What is the highest common factor of 84 and 161928?
12
Calculate the greatest common factor of 96837 and 78.
39
What is the highest common factor of 750 and 7030?
10
What is the greatest common divisor of 8 and 131624?
8
What is the greatest common divisor of 340963 and 67?
67
Calculate the greatest common divisor of 7151518 and 1342.
1342
Calculate the highest common factor of 224 and 2156.
28
Calculate the greatest common divisor of 37890 and 720.
90
What is the greatest common factor of 306102 and 102?
102
What is the highest common factor of 2726 and 4384771?
1363
What is the greatest common factor of 71000 and 42316?
284
What is the highest common factor of 242522 and 28?
14
Calculate the highest common divisor of 4000 and 16480.
160
Calculate the greatest common divisor of 16182 and 22272.
174
Calculate the highest common divisor of 558 and 21886.
62
Calculate the greatest common divisor of 20 and 1750.
10
Calculate the highest common divisor of 1138248 and 72.
72
What is the highest common divisor of 15 and 14980?
5
What is the greatest common divisor of 24 and 78018?
6
What is the highest common divisor of 220072 and 16?
8
Calculate the highest common divisor of 1764012 and 888.
444
What is the highest common factor of 2352976 and 32?
16
What is the greatest common divisor of 804 and 1195548?
804
Calculate the greatest common factor of 52 and 78060.
4
What is the highest common factor of 6328 and 1?
1
Calculate the greatest common factor of 6600 and 1400.
200
What is the greatest common divisor of 46688 and 160?
32
What is the highest common factor of 147 and 143325?
147
Calculate the greatest common divisor of 2151692 and 664.
332
Calculate the greatest common factor of 418644 and 4.
4
Calculate the greatest common divisor of 27 and 1034541.
9
Calculate the greatest common divisor of 174 and 896448.
174
Calculate the highest common divisor of 954760 and 440.
40
What is the highest common divisor of 232 and 5742?
58
Calculate the highest common factor of 776 and 336.
8
What is the highest common divisor of 74382 and 1176?
294
What is the highest common divisor of 8023 and 15707?
113
Calculate the greatest common divisor of 36 and 177.
3
What is the greatest common divisor of 11302 and 2?
2
Calculate the highest common divisor of 828 and 42481.
23
What is the highest common factor of 2668322 and 497?
71
Calculate the greatest common divisor of 259 and 11951.
37
What is the highest common divisor of 1604464 and 16?
16
What is the greatest common divisor of 271116 and 204?
204
Calculate the highest common factor of 2249 and 10380.
173
What is the greatest common factor of 7289 and 2072?
37
Calculate the greatest common factor of 69425 and 50.
25
What is the highest common divisor of 3452120 and 20?
20
What is the highest common factor of 855 and 9888930?
855
Calculate the greatest common divisor of 120 and 459810.
30
What is the highest common factor of 2627 and 296?
37
Calculate the highest common divisor of 24 and 682134.
6
What is the greatest common factor of 708 and 879572?
236
Calculate the greatest common divisor of 1037 and 108519.
61
Calculate the greatest common divisor of 1957603 and 2764.
691
Calculate the greatest common factor of 94077 and 9.
9
What is the greatest common factor of 46 and 1196966?
46
Calculate the greatest common factor of 3526 and 2501.
41
Calculate the highest common divisor of 91 and 3575.
13
What is the greatest common factor of 94703 and 14?
7
What is the greatest common factor of 8376 and 1211379?
1047
What is the highest common factor of 8050 and 26950?
350
What is the highest common divisor of 33 and 200766?
3
Calculate the highest common divisor of 13 and 24921.
13
What is the highest common factor of 207305 and 70?
35
What is the greatest common divisor of 333 and 155?
1
What is the greatest common divisor of 5115 and 10044?
93
Calculate the greatest common divisor of 248 and 94550.
62
Calculate the greatest common factor of 21 and 2883.
3
Calculate the highest common divisor of 460 and 1929010.
230
What is the greatest common divisor of 10764 and 801320?
1196
Calculate the highest common factor of 53654 and 556.
278
What is the greatest common divisor of 326 and 154?
2
What is the greatest common divisor of 8950832 and 176?
176
Calculate the greatest common divisor of 4228 and 6946.
302
Calculate the highest common factor of 82320 and 127792.
784
What is the greatest common factor of 1328 and 197374?
166
What is the greatest common divisor of 574 and 2191?
7
What is the greatest common divisor of 9318 and 270?
6
Calculate the greatest common divisor of 1810629 and 207.
207
Calculate the greatest common divisor of 10064 and 2210.
34
What is the highest common divisor of 1687041 and 54?
27
Calculate the greatest common factor of 286 and 560274.
286
Calculate the greatest common factor of 59334 and 248.
62
Calculate the highest common factor of 101399 and 1.
1
Calculate the highest common factor of 720 and 103644.
36
Calculate the highest common factor of 2114 and 1204.
14
What is the greatest common factor of 73695 and 15?
15
What is the highest common divisor of 163510 and 159570?
1970
What is the greatest common factor of 8710 and 286?
26
What is the highest common factor of 4773973 and 503?
503
Calculate the greatest common divisor of 423604 and 2192.
548
Calculate the highest common factor of 76 and 5337024.
76
Calculate the greatest common divisor of 53953 and 2119.
163
What is the highest common factor of 58 and 456866?
58
What is the greatest common divisor of 163780 and 14060?
380
What is the greatest common divisor of 10 and 36070?
10
What is the greatest common factor of 648 and 5211?
27
Calculate the highest common divisor of 290 and 16255.
5
Calculate the greatest common divisor of 3962 and 369598.
566
What is the greatest common divisor of 175 and 95515?
35
What is the greatest common factor of 3493532 and 112?
28
What is the highest common factor of 264 and 4253700?
132
What is the greatest common divisor of 3783654 and 126?
126
What is the highest common divisor of 481248 and 1188?
108
Calculate the greatest common factor of 1222035 and 2313.
771
Calculate the greatest common divisor of 44 and 20526.
22
What is the highest common divisor of 62 and 89156?
62
Calculate the highest common factor of 2750 and 176.
22
Calculate the highest common factor of 1500 and 40125.
375
Calculate the highest common divisor of 4027138 and 193.
193
What is the greatest common factor of 1602 and 2358?
18
What is the highest common divisor of 41250 and 660?
330
What is the 